e 8?
-6561
Convert 15052 (base 6) to base 11.
189a
Convert -129f (base 16) to base 13.
-2229
-23343 (base 7) to base 9
-8216
-153242 (base 6) to base 15
-46a2
Convert 885 (base 9) to base 8.
1325
What is 331210 (base 4) in base 12?
2344
What is 102 (base 12) in base 14?
a6
-2409 (base 16) to base 15
-2b00
What is -40b (base 13) in base 6?
-3103
Convert -124261 (base 8) to base 11.
-2a49a
Convert 195a (base 13) to base 4.
323101
Convert -74782 (base 9) to base 7.
-264161
-4a1 (base 12) to base 3
-221211
Convert -712 (base 12) to base 6.
-4422
-4358 (base 10) to base 8
-10406
Convert -20212100 (base 3) to base 15.
-1739
5435 (base 10) to base 12
318b
What is -1d92 (base 16) in base 12?
-446a
What is -32132 (base 6) in base 14?
-1848
-6c7 (base 16) to base 9
-2337
2105 (base 10) to base 3
2212222
-1294 (base 15) to base 2
-111101111100
What is 1045 (base 11) in base 6?
10220
What is 10000000001010 (base 2) in base 13?
396c
1226c (base 16) to base 10
74348
Convert 134131 (base 5) to base 12.
3259
-32766 (base 9) to base 6
-244440
-4102 (base 8) to base 7
-6110
Convert 320125 (base 6) to base 16.
6575
Convert -555 (base 12) to base 9.
-1062
What is 191 (base 11) in base 5?
1341
What is 5552 (base 6) in base 7?
3524
53955 (base 11) to base 14
207a3
What is 523 (base 8) in base 5?
2324
Convert 120021 (base 3) to base 13.
259
Convert -1011101000111000 (base 2) to base 12.
-23708
What is -1150 (base 12) in base 4?
-132030
-440 (base 6) to base 7
-330
What is 10100111110010 (base 2) in base 5?
320423
What is 46826 (base 10) in base 11?
321aa
What is fbb (base 16) in base 6?
30351
-2c6 (base 15) to base 11
-529
-4476 (base 9) to base 7
-12435
82814 (base 9) to base 4
31111033
Convert 50c (base 13) to base 12.
5b5
Convert -b53 (base 15) to base 10.
-2553
-251406 (base 7) to base 16
-b454
4003 (base 9) to base 2
101101100111
What is 12ed1 (base 15) in base 13?
2183b
Convert 9351 (base 10) to base 3.
110211100
-988 (base 15) to base 4
-201221
334 (base 16) to base 11
686
Convert 35 (base 16) to base 15.
38
5102 (base 6) to base 15
4e8
Convert 110111101011101 (base 2) to base 3.
1110002220
Convert 162ca (base 14) to base 9.
84051
What is 1011110010111 (base 2) in base 13?
2997
Convert 4c8 (base 15) to base 2.
10001000000
Convert -101000110010 (base 2) to base 9.
-3520
-547 (base 14) to base 4
-100103
-10594 (base 10) to base 13
-4a8c
-203411 (base 5) to base 7
-25424
What is -8b94 (base 13) in base 6?
-230312
What is 4b38 (base 16) in base 2?
100101100111000
122203 (base 4) to base 14
895
Convert 72b0 (base 14) to base 8.
46452
Convert 643 (base 12) to base 11.
762
Convert 15b (base 15) to base 12.
21b
Convert -575 (base 8) to base 10.
-381
What is 43313 (base 8) in base 9?
26766
What is -705 (base 8) in base 9?
-553
20025 (base 8) to base 9
12235
Convert -392 (base 11) to base 15.
-20e
What is -140a (base 12) in base 8?
-4412
What is -42431 (base 9) in base 5?
-1344204
-100101011110 (base 2) to base 9
-3254
2b1 (base 12) to base 3
120121
a41b (base 14) to base 16
6e59
23321 (base 4) to base 7
2135
What is -2344024 (base 5) in base 11?
-2a872
What is -64403 (base 8) in base 5?
-1330013
Convert -10 (base 15) to base 14.
-11
-652 (base 9) to base 2
-1000010101
Convert -32c (base 16) to base 12.
-578
What is -195a7 (base 11) in base 6?
-330330
-32301 (base 4) to base 13
-579
Convert 2210011 (base 3) to base 10.
2029
What is -4300 (base 7) in base 3?
-2002021
Convert 1042 (base 7) to base 2.
101110101
49378 (base 10) to base 2
1100000011100010
2c0 (base 13) to base 11
40a
What is 4625 (base 8) in base 2?
100110010101
-22736 (base 8) to base 16
-25de
What is 3654 (base 11) in base 8?
11252
What is 3076 (base 8) in base 4?
120332
What is -335b5 (base 12) in base 2?
-10000101010011001
60724 (base 8) to base 7
133005
What is 4111043 (base 5) in base 11?
45982
8532 (base 10) to base 14
3176
Convert -44312 (base 5) to base 7.
-11662
What is 83 (base 13) in base 7?
212
6128 (base 9) to base 16
1181
What is 1222020 (base 3) in base 6?
10353
What is -21030 (base 4) in base 15?
-293
22333 (base 4) to base 15
31d
What is -bb21 (base 12) in base 11?
-14543
211 (base 8) to base 6
345
-13716 (base 9) to base 4
-2101302
Convert -394 (base 11) to base 8.
-722
Convert 21d (base 14) to base 3.
120112
-2010230 (base 5) to base 14
-b8d6
-11405 (base 10) to base 14
-4229
Convert -163 (base 9) to base 10.
-138
-6925 (base 13) to base 11
-10085
What is -110001011000 (base 2) in base 8?
-6130
What is -331 (base 10) in base 6?
-1311
What is 6b02 (base 16) in base 8?
65402
Convert -16072 (base 10) to base 4.
-3323020
What is 59b (base 16) in base 3?
1222011
-1066 (base 10) to base 13
-640
-1122 (base 3) to base 6
-112
4023 (base 9) to base 11
2230
-4099 (base 12) to base 10
-7029
Convert 1031 (base 7) to base 9.
445
Convert -1150535 (base 6) to base 15.
-13195
Convert 31325 (base 6) to base 9.
5718
Convert -b376 (base 13) to base 4.
-12003003
117423 (base 8) to base 13
156c7
3202 (base 6) to base 2
1011010010
What is 5830 (base 10) in base 8?
13306
e9e5 (base 15) to base 7
264200
What is -1c1 (base 13) in base 5?
-2301
321040 (base 5) to base 14
3cd4
-2005 (base 6) to base 8
-665
1109 (base 10) to base 15
4de
What is 4400 (base 7) in base 8?
3040
What is 1013 (base 10) in base 8?
1765
What is -163376 (base 8) in base 3?
-10000010011
Convert -234454 (base 6) to base 7.
-113500
What is 1733 (base 8) in base 4?
33123
What is -423041 (base 6) in base 12?
-17a81
51312 (base 6) to base 2
1101010011100
What is 4326 (base 10) in base 7?
15420
-122315 (base 7) to base 11
-15963
Convert 11111000000 (base 2) to base 3.
2201111
3bf (base 16) to base 11
7a2
-b9 (base 14) to base 8
-243
What is 2006 (base 15) in base 6?
51140
What is -1010111001 (base 2) in base 3?
-221211
Convert -123 (base 8) to base 15.
-58
What is 8357 (base 11) in base 5?
323243
What is 11bb (base 12) in base 8?
3737
Convert 124 (base 13) to base 11.
171
What is -49a9 (base 11) in base 5?
-202112
-2422 (base 11) to base 15
-e15
103244 (base 6) to base 9
12621
-1203302 (base 4) to base 13
-2ba3
Convert 5aa1 (base 15) to base 3.
222102221
11434 (base 5) to base 3
1012012
Convert 21220013 (base 4) to base 7.
222650
Convert 322312 (base 4) to base 5.
110031
What is -3ae9 (base 16) in base 8?
-35351
What is -12222312 (base 4) in base 5?
-1333233
What is -3725 (base 10) in base 6?
-25125
Convert 12b75 (base 14) to base 4.
23101103
What is -8401 (base 9) in base 2?
-1100000001101
What is -769 (base 10) in base 4?
-30001
What is 1361 (base 15) in base 8?
10055
What is 496 (base 12) in base 7?
2004
Convert -236523 (base 7) to base 16.
-a881
-52b (base 16) to base 5
-20243
What is -1545a (base 15) in base 9?
-113844
What is -11721 (base 10) in base 3?
-121002010
Convert -54d (base 15) to base 14.
-618
What is -1114 (base 14) in base 13?
-1467
What is 64106 (base 7) in base 13?
728c
What is -3414 (base 10) in base 12?
-1b86
Convert 1231 (base 4) to base 2.
1101101
Convert -1121110 (base 3) to base 9.
-1543
What is 100042 (base 5) in base 12?
19a3
What is -110000111 (base 2) in base 9?
-474
-210004 (base 7) to base 15
-aa14
5e83 (base 15) to base 13
922b
-10346 (base 14) to base 9
-58526
4b85 (base 13) to base 9
15671
-3433 (base 7) to base 13
-751
-3a08 (base 13) to base 11
-6256
-1051 (base 8) to base 16
-229
111425 (base 8) to base 3
1220122120
-111111212 (base 3) to base 11
-7446
Convert -11684 (base 9) to base 14.
-2c0c
What is 42242 (base 7) in base 14?
3b22
Convert -4776 (base 14) to base 15.
-3a52
Convert -1022111200 (base 3) to base 16.
-651c
-1020021 (base 3) to base 4
-32002
2011121 (base 3) to base 10
1582
406 (base 7) to base 11
174
What is 82000 (base 9) in base 12?
27276
What is 5620 (base 11) in base 12?
434b
28 (base 16) to base 4
220
Convert 1114400 (base 6) to base 13.
1ca94
Convert -7146 (base 8) to base 11.
-2851
Convert -375 (base 16) to base 8.
-1565
-187d (base 16) to base 8
-14175
3668 (base 10) to base 4
321110
Convert -10111120 (base 3) to base 12.
-1589
What is -112102 (base 3) in base 15?
-1ae
3326 (base 9) to base 7
10104
2000 (base 3) to base 15
39
41386 (base 9) to base 7
142401
What is -2584 (base 13) in base 15?
-18b7
What is 30213 (base 4) in base 5?
11212
What is -100001101010111 (base 2) in base 3?
-